rime factors of m(-1)?
2
Suppose g = -g - 2, 4*g = -3*p + 71. What are the prime factors of p?
5
Suppose -13 = 3*a - 1. Let o(v) = -2 + 2*v**2 + 6 - 3*v**2 - 4*v - 1. List the prime factors of o(a).
3
Let w = -2 + 3. Let q = 2 + w. Suppose 4*i - 11 = -q. What are the prime factors of i?
2
Let l be (-9)/(-36) + (-18)/8. Let q be l/(5/(25/(-2))). Suppose -q = 4*c - 17. List the prime factors of c.
3
Let k = 452 - 302. Suppose h = -4*h + k. List the prime factors of h/7 - (-14)/(-49).
2
Let h(b) = 26*b**2 + b - 2. What are the prime factors of h(1)?
5
Suppose -15*w + 603 = -6*w. List the prime factors of w.
67
List the prime factors of (93/6)/1*2.
31
Suppose -m - 6 + 9 = 0. What are the prime factors of m?
3
Suppose -4*n + 1 + 1 = 2*a, -9 = 2*n + 3*a. List the prime factors of n.
3
Let i(x) = -5*x**3 - 5*x**2 + 9*x - 4. Let f(b) = -4*b**3 - 5*b**2 + 9*b - 5. Let r(o) = 4*f(o) - 3*i(o). List the prime factors of r(-7).
3
Let r be (-273)/(-6) + 3/(-2). Let f be (r/6)/((-3)/(-9)). Suppose -3*d - 3*x = -27, -2*d + f = 3*x + x. List the prime factors of d.
7
Let s(o) = -4*o - 1. Suppose -38 = -5*c - b, -3*c - 2*b + 13 = -7. Let j = -11 + c. What are the prime factors of s(j)?
11
Suppose -30*w - 1785 = -37*w. List the prime factors of w.
3, 5, 17
Let i(v) = -15*v + 10. List the prime factors of i(-7).
5, 23
What are the prime factors of 18/(-27)*8*-3?
2
Let v(a) = -a**3 - a + 1. Let q(f) = 6*f**3 + 7*f**2 + 4*f - 5. Let i(m) = q(m) + 5*v(m). Let s be i(-7). List the prime factors of s + 0/(-2) + -2.
5
Let c(x) = 49*x + 1. List the prime factors of c(1).
2, 5
Let t(o) be the second derivative of 4*o**3/3 + 2*o**2 - 5*o. What are the prime factors of t(3)?
2, 7
Let u be -2 - (-1 - -3 - 9). Let h(t) = -t**2 + 9*t. Let d be h(5). Suppose u*y = y + d. What are the prime factors of y?
5
Let s(d) = -d**3 + d**2 - d - 1. Let l be s(-1). Let x be (0 - -4)/(l/10). Suppose -6*h = -h - x, -4*b = -h - 36. List the prime factors of b.
2, 5
Let h be -1 + (-2 - (2 - 0)). Let j = 8 + h. What are the prime factors of j?
3
Let u be 3/5*(3 - -7). Suppose h = 8 + u. What are the prime factors of h?
2, 7
Let f(x) = -2*x**2 + 2*x**2 - x**2 - 4 + 6*x. Let m be f(4). Let v(j) = 2*j**2 - 7*j + 5. List the prime factors of v(m).
3
Suppose -v = -0*v - 5. Suppose -127 = -3*g + 5*u, 0 = -v*g + g - 4*u + 212. Suppose 3*n - g + 16 = 0. What are the prime factors of n?
11
Suppose -h = -2*h, -5*d = -2*h - 75. What are the prime factors of d?
3, 5
Let l(n) = -2*n**3 - 3*n**2 + 3*n - 6. List the prime factors of l(-5).
2, 7, 11
Let j(p) = p + 9. Let y be 2*(-1)/2 - -1. Suppose 3*b = -y*b. List the prime factors of j(b).
3
Let a(i) = 11*i**2 - i. Let w be a(-1). Suppose -12 = -3*y + w. What are the prime factors of y?
2
Suppose 2*w = w + 5*v + 12, -14 = -2*w + 5*v. Let j be ((-28)/(-6) + -2)*-3. List the prime factors of w/(-8) - 66/j.
2
Suppose -14*l + 996 - 58 = 0. What are the prime factors of l?
67
Let s be -26 - ((-2 - 1) + 1). Let b be s/11 - (-4)/22. What are the prime factors of (b - -1)*-1 + 6?
7
Let u = 4 - -15. List the prime factors of u.
19
Let h(p) = 53*p - 1. What are the prime factors of h(1)?
2, 13
Suppose 0 = 3*s + 4*w - 48, -2*s + 4*w = s - 48. Suppose 5 = t - s. What are the prime factors of t?
3, 7
Let p(m) = m**3 + 11*m**2 - 20*m - 8. Let j(q) = q. Let w(i) = 6*j(i) + p(i). What are the prime factors of w(-12)?
2
Let x(a) = a**3 - 3*a**2 + a + 1. Let w be x(2). Let n = w + 4. Suppose m - 5*m - 36 = -n*s, -36 = -3*s - 3*m. List the prime factors of s.
2, 3
Let u(a) = 12*a**2 + a + 0*a**2 - 3*a**2. Suppose -4 = -7*l + 3*l. List the prime factors of u(l).
2, 5
Let c(j) be the first derivative of 57*j**2/2 - j + 3. Let z be c(1). Suppose -4*v - 4*r = -8*v + z, 2*v - 27 = r. What are the prime factors of v?
13
Suppose 8*p = 5*p + 12. Suppose p*x - 37 = 15. What are the prime factors of x?
13
Let h(p) = -p**2 - 7*p - 7. Let b be h(-6). Let l be (108/(-81))/((-2)/(-6)). List the prime factors of b/l + (-54)/(-8).
7
Suppose 2*p + 9 = -p, 5*s = 4*p + 42. Suppose -6 = -2*c + s. What are the prime factors of c?
2, 3
Let t be 3/((-3)/(-2)*1). Let k be -2 - (t + -2) - -6. Suppose k*y = -0*y + 68. List the prime factors of y.
17
What are the prime factors of 1 - (4 - (-2 + 36))?
31
Let i(k) = 3*k**2 - 2*k - 2. Let c be i(2). Suppose 0 = -w - 5*q + 17, w + 19 = c*w + 3*q. What are the prime factors of (10/15)/(w/21)?
7
Suppose 1 - 6 = 5*g, 5*w = -2*g + 273. List the prime factors of w.
5, 11
Suppose 3*b + 4*v = 14, 2*b - 5*v + 11 = -18. Let x be ((-2)/4)/((-1)/b). List the prime factors of x/3 - (-136)/12.
11
Let k be ((-18)/5)/((-3)/15). Suppose -4*u + u = -2*d + 10, -k = -2*d - u. What are the prime factors of d?
2
Let f be (-1)/(2/(-48)) - 3. Suppose 5*b = 8*b - f. What are the prime factors of b/2*(5 - -1)?
3, 7
Suppose 0 = -6*r + 538 + 26. List the prime factors of r.
2, 47
Suppose -2*z - 3*z + 156 = -4*x, 0 = -2*z - 3*x + 67. What are the prime factors of z?
2
Suppose 2*a = 5*i + 6*a - 138, -a = -2*i + 63. List the prime factors of i.
2, 3, 5
Suppose 4*v - 4*j = j + 78, -2*v + 3*j + 40 = 0. What are the prime factors of v?
17
Let c(a) be the third derivative of -a**6/120 - 3*a**5/20 - 3*a**4/8 - a**3 - 5*a**2. List the prime factors of c(-8).
2
Let w be (2/(-4))/(6/12). List the prime factors of ((w - 0) + 2)*7.
7
Let u = -5 + 8. Suppose 2 = u*x + 8. Let c(s) = -s**3 - s + 1. What are the prime factors of c(x)?
11
Let z = -508 + 887. List the prime factors of z.
379
Suppose -2*i = -54 + 2. What are the prime factors of i?
2, 13
Suppose 0 = j - 4 + 2. Suppose 0 = j*w + 1 - 31. List the prime factors of w.
3, 5
Let h(f) = f**3 - 6*f**2 + 3*f + 1. Let u = -3 - -9. List the prime factors of h(u).
19
Let m(c) = -c**3 + 6*c**2 + 9*c - 15. List the prime factors of m(6).
3, 13
Suppose i + 3 - 8 = 0. What are the prime factors of i?
5
Let c(z) = z**2 + 5*z - 15. What are the prime factors of c(-8)?
3
Let w = -15 - -27. What are the prime factors of w?
2, 3
Suppose 3*h = 2 + 4. Suppose 2*j - h = 2. List the prime factors of j.
2
Suppose c = 4*k - 91, k - 5*k + 4*c = -88. List the prime factors of k.
23
What are the prime factors of (-3)/(-24) + 4846/16?
3, 101
List the prime factors of 131 + ((-72)/(-21) - 4/(-7)).
3, 5
Suppose y - 18 - 17 = 0. List the prime factors of y.
5, 7
Suppose -t + 117 = 20. List the prime factors of t.
97
Let a be 1 - (1 - 2 - 11). Let u(z) = z**3 - 7*z**2 + 6*z - 7. Let p be u(6). Let c = p + a. What are the prime factors of c?
2, 3
Let d(s) be the second derivative of -s**5/20 + 7*s**4/12 - s**3/2 + s**2 + 4*s. What are the prime factors of d(6)?
2, 5
Let t be (-4)/10 - (-891)/15. Let k = t + -38. List the prime factors of k.
3, 7
Let p(k) = -k**3 - 14*k**2 + 14*k - 15. Let h be p(-15). Suppose -3*o + 20 = -4. Let v = o - h. What are the prime factors of v?
2
What are the prime factors of 2/(-3) - 346/(-6)?
3, 19
Suppose -k = -2*k + h + 35, 5*k - 4*h = 177. What are the prime factors of k?
37
Suppose -v - 2*v + 29 = 2*y, -16 = -4*y. List the prime factors of v.
7
Suppose -3*s = x - 11, x - 3*s = 6*x - 67. What are the prime factors of x?
2, 7
Suppose 0 = -3*z - 0*z + 6. Suppose -z*i = -5*j - 2, 4 = -2*j + 3*i + 1. Suppose 3*b + b - 36 = j. List the prime factors of b.
3
Suppose f = 4*f - 9. Suppose 0 = 5*i - 4*m - 183, -f*i - 4*m - 10 = -139. What are the prime factors of i?
3, 13
Let q(x) = -x**3 + 6*x**2 + 8*x - 4. Let a(f) = -2*f + 1. Let s(k) = 3*k - 1. Let t(c) = -7*a(c) - 6*s(c). Let w be t(-2). List the prime factors of q(w).
3
Suppose 4*p - 2*i = i + 18, 4*p - 16 = 2*i. Suppose 0 = -4*a + 4*s + 56, p*a - 23 = -5*s + 11. What are the prime factors of a?
13
Suppose -309 = -0*a - 3*a. What are the prime factors of a?
103
Let a(i) = i**3 - 9*i**2 + 12*i + 2. Let d be a(9). Suppose 0*w = w + 4*n - 23, -2*n = -4*w + d. List the prime factors of w.
3
Suppose 5*r - u - 16 = -1333, 522 = -2*r + 2*u. List the prime factors of r/(-6)*2/4.
2, 11
Let t = -8 - -26. List the prime factors of ((-116)/6)/(t/(-27)).
29
Suppose -473 = -7*z + 493. List the prime factors of z.
2, 3, 23
Let u be 4/6 + (-112)/6. Let b = 30 + u. Suppose -b = -5*l + 43. What are the prime factors of l?
11
Let n(m) = -2*m**3 - 4*m**2 + m. Let y = 0 - 3. List the prime factors of n(y).
